z(0)?
8
Let w(k) = -5*k - 61. Calculate w(-12).
-1
Let g(t) = -t - 16. Determine g(-13).
-3
Let k(t) = -t**2 + 14*t + 13. Determine k(12).
37
Let u(s) = 4*s**2. Determine u(1).
4
Let l(v) = v**3 + 7*v**2 + 4*v + 10. Calculate l(-7).
-18
Let s(a) = 2*a**2 - 6*a - 5. Calculate s(7).
51
Let s(t) = 46*t + 9. Calculate s(1).
55
Let g(b) = 3*b - 6. What is g(2)?
0
Let h(b) = 2*b**3 - 3*b + 5. Calculate h(0).
5
Let b(g) = g - 1. Calculate b(9).
8
Let r(d) = -d**3 - 9*d**2 - 6. Determine r(-9).
-6
Let b(q) = -5*q**2 - 4*q + 6. Give b(3).
-51
Let q(i) = -i**3 - 4*i**2 + 5*i. What is q(-5)?
0
Let w(p) = 2*p - 50. Determine w(28).
6
Let u(d) = -4*d + 45. Determine u(-22).
133
Let j(x) = 8*x - 4. What is j(-2)?
-20
Let o(x) = 5*x**2 + 77*x + 207. Calculate o(-12).
3
Let q(y) = y**2 - 39*y - 163. Give q(-4).
9
Let k(w) = w - 31. Calculate k(-18).
-49
Let a(j) = j**3 + 2*j**2 + 4*j + 13. Give a(-3).
-8
Let w(b) = 98*b**2 - 3*b - 2. What is w(-1)?
99
Let s(g) = -g + 13. Give s(0).
13
Let q(d) = 2*d**2 - 18*d + 12. Determine q(7).
-16
Let u(h) = -h**2 + 14*h - 7. Give u(10).
33
Let r(o) = o**3 + 13*o**2 - 10*o + 26. Calculate r(-14).
-30
Let j(n) = -n**3 - 7*n**2 - 4*n + 19. What is j(-6)?
7
Let c(j) = j**3 + 8*j**2 + 6*j - 2. Determine c(-6).
34
Let d(v) = -v**3 + 6*v**2 + 6*v + 14. What is d(7)?
7
Let u(l) = -l**2 + 6*l - 9. What is u(4)?
-1
Let r(a) = -2*a**2 - 38*a - 45. Calculate r(-18).
-9
Let g(q) = -32*q - 2. Determine g(-1).
30
Let x(b) = -b**3 + b**2 + b - 7. Determine x(0).
-7
Let b(m) = -2*m**2 - 9*m - 2. Give b(-4).
2
Let t(u) = 12*u + 19. Calculate t(-4).
-29
Let z(q) = -2*q**3 + 18*q**2 + 54*q - 113. What is z(11)?
-3
Let j(a) = -2*a**3 - 55*a**2 + 27*a - 22. Calculate j(-28).
6
Let w(q) = -2*q**2 + 2*q + 5. Give w(3).
-7
Let u(g) = -4*g**2 + 8*g + 9. Determine u(-4).
-87
Let w(p) = p**3 + 5*p**2 - 10*p - 24. Calculate w(-6).
0
Let b(x) = -6*x + 5. Give b(2).
-7
Let j(i) = i**3 - 5*i**2 + 3*i - 3. Calculate j(5).
12
Let j(l) = -l**3 + 4*l**2 + 3*l + 1. Give j(5).
-9
Let u(x) = -3*x**3 + 3*x**2 + 4*x - 4. What is u(3)?
-46
Let o(u) = -u**2 - 73*u + 929. Give o(11).
5
Let n(v) = -22*v - 4. Determine n(3).
-70
Let h(m) = 2*m - 4. Determine h(5).
6
Let h(j) = 2*j**2 + 16*j - 55. What is h(-11)?
11
Let o(n) = n**3 + 13*n**2 - 9*n - 119. Give o(-13).
-2
Let w(a) = -7*a + 44. Give w(6).
2
Let l(q) = -q**3 + 11*q**2 + 13*q - 32. Determine l(12).
-20
Let a(x) = 5*x - 56. What is a(7)?
-21
Let k(h) = h - 1. Give k(1).
0
Let m(c) = 2*c + 51. Determine m(-16).
19
Let t(i) = -i**3 + 29*i**2 + 37*i - 209. Calculate t(30).
1
Let d(f) = -7*f + 33. Calculate d(5).
-2
Let h(r) = r**2 - 10*r - 5. Calculate h(8).
-21
Let j(o) = -2*o - 13. What is j(-11)?
9
Let k(r) = -r**2 - 3*r - 3. Determine k(-3).
-3
Let s(i) = -i**3 + 3*i**2 - 13*i + 5. Calculate s(4).
-63
Let s(h) = -h**2 - 18*h - 60. Give s(-12).
12
Let k(j) = -3*j. Determine k(-4).
12
Let f(y) = y**2 + 5*y + 1. What is f(-5)?
1
Let z(s) = 9*s**2 - s - 2. Determine z(-2).
36
Let f(l) = l**2 - 12*l - 99. What is f(17)?
-14
Let o(i) = i**3 + 21*i**2 + 48*i - 31. What is o(-18)?
77
Let n(y) = 3*y + 8. Give n(-6).
-10
Let t(v) = -v**2 - 4. Determine t(-3).
-13
Let a(z) = -z**3 + 4*z**2 - z + 17. Determine a(4).
13
Let q(t) = 2*t**3 + 49*t**2 + 27*t + 17. Determine q(-24).
-55
Let z(p) = p**2 + 26*p + 38. What is z(-25)?
13
Let q(u) = -u + 27. What is q(17)?
10
Let x(l) = l**3 - 19*l**2 - 43*l + 20. Give x(21).
-1
Let f(o) = -2*o**2 - 11*o - 2. Give f(-8).
-42
Let o(n) = 75*n**2 + 1. Give o(1).
76
Let j(g) = 2*g**2 - 45*g + 15. Give j(10).
-235
Let s(l) = -l. Determine s(9).
-9
Let x(m) = 4*m + 5. Give x(-4).
-11
Let x(o) = o**2 - 4*o - 26. What is x(5)?
-21
Let h(f) = -7*f + 5. Determine h(-3).
26
Let x(y) = y**2 - 12*y + 32. Calculate x(10).
12
Let i(f) = -f**2 - 6*f - 1. Calculate i(-7).
-8
Let x(k) = -k**3 - 33*k**2 + 31*k - 95. What is x(-34)?
7
Let q(u) = -u**3 + 9*u**2 + u - 5. Determine q(9).
4
Let q(u) = 4*u**3 + u**2 - 3*u + 1. Determine q(1).
3
Let j(h) = h**3 + 8*h**2 + 14*h + 20. Determine j(-8).
-92
Let f(v) = -2*v**2 + 33*v + 40. Calculate f(18).
-14
Let f(d) = -d**2 - 9*d - 20. What is f(-5)?
0
Let x(h) = h**2 + 7*h - 21. Determine x(-10).
9
Let f(c) = c**2 + 10*c + 5. Determine f(-4).
-19
Let t(r) = -5*r + 20. What is t(7)?
-15
Let i(y) = -y**2 - 15*y + 11. What is i(-7)?
67
Let m(q) = -29*q - 229. Calculate m(-8).
3
Let l(i) = 2*i**3 + 3*i**2 - 7*i + 3. Give l(2).
17
Let l(c) = -c**2 - c + 89. Calculate l(-10).
-1
Let n(t) = 4*t - 11. Calculate n(3).
1
Let v(q) = 32*q + 37. Determine v(-4).
-91
Let q(c) = 8*c + 59. Determine q(-8).
-5
Let m(k) = -k + 7. Determine m(0).
7
Let k(j) = 2*j**3 - 12*j**2 + 8*j + 7. What is k(5)?
-3
Let p(o) = -2*o + 6. Determine p(9).
-12
Let u(m) = m**3 + 5*m**2 - 7*m - 7. Determine u(-6).
-1
Let g(w) = 2*w**3 - 5*w**2 - 4*w + 6. Determine g(4).
38
Let g(w) = w**2 + 45*w - 53. Calculate g(-46).
-7
Let d(y) = y**3 - 17*y**2 - 21*y + 44. Determine d(18).
-10
Let k(t) = 4*t - 25. What is k(5)?
-5
Let n(m) = m**3 - 42*m**2 - 96*m + 349. Calculate n(44).
-3
Let n(p) = 5*p**3 - p**2 - 2*p + 6. Determine n(3).
126
Let r(g) = g**3 - 9*g**2 + 15*g - 6. What is r(7)?
1
Let z(n) = -6*n + 60. Calculate z(7).
18
Let q(d) = d**3 + 7*d**2 + 11*d + 6. Give q(-4).
10
Let u(d) = d**2 - 7*d - 377. Give u(23).
-9
Let k(g) = -g**3 - 6*g**2 + 14*g - 18. Give k(-8).
-2
Let o(u) = -u**2 - u + 2. Give o(-6).
-28
Let j(m) = m**3 + 8*m**2 - 9*m - 8. What is j(-9)?
-8
Let u(w) = -w**2 + 7*w - 10. What is u(7)?
-10
Let o(b) = 9*b + 116. Determine o(-12).
8
Let b(y) = y**3 - 15*y**2 + 23*y + 15. Calculate b(13).
-24
Let p(y) = 84*y + 8. Give p(1).
92
Let j(t) = t**3 - 4*t**2 - t + 2. Determine j(4).
-2
Let c(i) = i**3 - 18*i**2 + 82*i - 1. What is c(7)?
34
Let k(d) = 3*d - 11. Determine k(-4).
-23
Let c(z) = -6*z + 56. Calculate c(9).
2
Let q(c) = c**2 - 3*c - 16. What is q(5)?
-6
Let i(z) = -28*z**3 - 2*z**2 + 3*z - 2. Give i(1).
-29
Let a(i) = -i**3 + 3*i**2 + 5*i - 6. Calculate a(4).
-2
Let c(k) = k**3 + 3*k**2 - 4*k + 5. Calculate c(-4).
5
Let x(u) = 5*u - 18. Give x(4).
2
Let g(c) = -c**3 + 19*c**2 - 16*c - 43. Give g(18).
-7
Let v(n) = n**3 + 23*n**2 + 77*n + 18. Determine v(-19).
-1
Let b(u) = -u**3 - u**2 - 5*u + 8. Determine b(2).
-14
Let s(n) = -n**2 - 21*n - 66. What is s(-16)?
14
Let b(v) = -v**2 + 14*v - 1. Calculate b(15).
-16
Let u(q) = -23*q**3 - 4*q - 4. Determine u(-1).
23
Let y(c) = 7*c + 6. Determine y(-6).
-36
Let q(n) = 64*n**2 + 6*n - 3. Give q(1).
67
Let g(u) = -6*u - 5. Determine g(-3).
13
Let r(i) = -3*i**3 - 29*i**2 + 12*i + 5. Determine r(-10).
-15
Let z(p) = -p**2 - 4*p + 5. What is z(-5)?
0
Let t(i) = -7*i + 8. Calculate t(5).
-27
Let c(j) = j**2 + 7*j - 26. What is c(-10)?
4
Let m(w) = w**2 + 21*w - 437. Determine m(-34).
5
Let j(p) = -6*p + 2. Give j(-3).
20
Let p(m) = -7*m + 13. Give p(6).
-29
Let c(u) = -u**3 - 3*u**2 + 3*u + 1. Give c(-3).
-8
Let r(y) = -y**3 + 3*y**2 + 9*y + 4. Calculate r(5).
-1
Let r(c) = -c**2 + 18*c + 23. Give r(19).
4
Let n(z) = -5*z + 6. Give n(2).
-4
Let y(f) = -f**3 - 10*f**2 - 7*f + 10. Give y(-7).
-88
Let i(r) = r**3 - 23*r**2 + 119*r + 11. Give i(15).
-4
Let h(d) = d**3 - 3*d**2 - 36*d + 15. Calculate h(7).
-41
Let w(g) = -g**3 + 4*g**2 + 18*g - 67. Give w(6).
-31
Let p(z) = -z - 12. What is p(-16)?
4
Let c(q) = -4*q - 12. What is c(-9)?
24
Let i(g) = -g**3 - 10*g**2 - g - 1. Determine i(-9).
-73
Let s(c) = -12*c + 16. Give s(6).
-56
Let v(c) = c**3 + 13*c**2 - 31*c - 15. Give v(-15).
0
Let x(c) = 8*c + 28. Give x(-3).
4
Let b(j) = j**3 - 6*j**2 + 8*j + 3. Give b(4).
3
Let q(k) = k - 3. Determine q(6).
3
Let k(w) = -w**2 - 11*w - 16. Determine k(-13).
-42
Let j(o) = 2*o - 6. Give j(6).
6
Let i(x) = -12*x**2 - 13*x + 1. What is i(-2)?
-21
Let v(u) = -43*u. Give v(1).
-43
Let t(v) = 5*v + 12. Give t(-3).
-3
Let y(k) = k**2 + 15*k + 27. Determine y(-13).
1
Let g(r) = -13*r**2 - r + 3. Determine g(1).
-11
Let r(i) = -i**3 - 8*i**2 - 7*i. Determine r(-7).
0
Let w(v) = -12*v + 30. Calculate w(3).
-6
Let v(k) = k**2 + 8*k - 24. Give v(-11).
9
Let t(f) = -f**3 - 14*f**2 - f - 20. Give t(-14).
-6
Let u(a) = a**3 + 6*a**2 - 8*a - 4. Calculate u(-5).
61
Let p(f) = f**2 + 6*f - 5. Calculate p(-9).
22
Let i(l) = -5*l**2 - 2*l. Calculate i(-2